k and 63?
21
Suppose 2*q - 9*d - 54 = -7*d, -5*q - d + 105 = 0. Suppose 3*c + 121 = 4*c. Calculate the greatest common divisor of c and q.
11
Let s(a) = a**3 + 8*a**2 + a - 8. Let w be s(-4). Suppose -k + l - 1 = -59, -k = l - w. What is the highest common factor of k and 11?
11
Let o = 285 - 280. Suppose -2*k - 2*k - l = -1193, -o*l = -2*k + 569. Calculate the greatest common factor of 11 and k.
11
Suppose 10*s = 3*s + 70. Suppose -5*w - 15 = -s*w. Let c(m) = m**2 - 30*m - 90. Let j be c(-3). Calculate the greatest common factor of j and w.
3
Suppose 3*g - 1554 = -1491. Suppose -4*w - l - 2*l = -g, -3*w - l + 22 = 0. Calculate the greatest common divisor of 15 and w.
3
Suppose 0 = -8*i + 3*i - 25. Let k be i*((-3)/12)/((-15)/48). Let j = k - -29. What is the greatest common factor of j and 100?
25
Suppose -2*g + 2*o + 360 + 206 = 0, 1123 = 4*g + 5*o. Calculate the highest common factor of 1034 and g.
94
Suppose 2*a - v = 762, 2*a = 7*a - 2*v - 1902. Calculate the highest common factor of a and 1350.
54
Let q(y) = -y**3 + 95*y**2 + 394*y + 208. Let o be q(99). What is the greatest common divisor of 7255 and o?
5
Suppose -399*h - 270 = -417*h. What is the highest common divisor of h and 855?
15
Let a = -661 + -207. Let x = a + 1380. Calculate the highest common divisor of 32 and x.
32
Let q be 3 + 13/(-26)*-1986. Calculate the highest common factor of 96 and q.
12
Suppose -4*j - 33*j = 37*j - 3236464. Calculate the greatest common divisor of j and 284.
284
Let j(z) = -1038*z + 1116. Let w be j(1). Calculate the greatest common divisor of 6630 and w.
78
Suppose 135*d + 4212 = 147*d. Let c(q) = q**3 + 7*q**2 + 7*q - 2. Let n be c(-5). What is the greatest common divisor of n and d?
13
Suppose -11*u = -6*u + 5*i - 12120, u = 5*i + 2412. Calculate the greatest common factor of 14 and u.
14
Suppose o - 2*y = 105, 5*o - 7*y - 485 = -5*y. Let m(v) = -2*v**2 + 14*v + 36. Let l be m(8). Calculate the greatest common factor of l and o.
5
Let m(k) = 3*k**3 - 3*k**2 + 5*k - 5. Suppose -4*a = -a + b - 5, 5*b + 13 = 4*a. Let u be m(a). What is the greatest common factor of u and 459?
17
Suppose 5*b - 30 = -5*p, -b - 2*b - 17 = -2*p. Suppose 4*v = 2*g + 586, 2*g + v - 253 = -829. Let h = 324 + g. What is the highest common factor of p and h?
7
Let l = 4005 + -3729. What is the greatest common factor of l and 1472?
92
Suppose -4*i + 22760 = 2*f, -2*i + 53*f + 11392 = 56*f. Calculate the greatest common factor of i and 121.
121
Let a(d) = -3*d**3 - 93*d**2 + 6*d + 248. Let o be a(-31). What is the highest common factor of 29078 and o?
62
Let z(o) = o**2 + 29*o + 152. Let f be z(-7). Let c(g) = 18*g**2 + 4*g + 4. Let j be c(f). Calculate the greatest common divisor of j and 34.
34
Let d be 4/(1 - (-6)/(-8)). Let h be 18 - 6*(1 + -6)/15. Suppose h*r - 15*r = 80. What is the greatest common divisor of r and d?
16
Let d be 7*(-9 + 27 - 2). What is the greatest common divisor of d and 3668?
28
Suppose 1498 = -4*g + 3*y, 2*y - 1466 - 410 = 5*g. Let a be (-5 + 25)*7/(-4). Let j be (g/20)/(14/a). Calculate the highest common divisor of j and 376.
47
Suppose 5*t = 3*w - 7 + 26, 2 = 2*w + 4*t. Let k be -1 + 2 + 3 + w + 11. Let d be 12*(k/9 + 2) + -1. What is the greatest common divisor of d and 429?
39
Let w be (21/567*27)/((-1)/(-132)). What is the greatest common divisor of 4928 and w?
44
Let w(q) = -q**2 - 6*q - 6. Let p be w(-2). Suppose 4*h + p*k = 170, 8*h - k = 3*h + 202. Calculate the highest common factor of h and 164.
41
Let a(u) = -4*u**3 + u**2 + 4*u + 1. Let p be a(-6). What is the greatest common divisor of 1 and p?
1
Let y = 726 - 658. What is the highest common factor of 5542 and y?
34
Suppose -400*z = -383*z - 34476. Calculate the greatest common factor of 156 and z.
156
Let j be ((-48)/56)/((6/(-28))/3). Let a be 24/j + (-85)/1 - -2. Let l = -55 - a. What is the greatest common divisor of 52 and l?
26
Suppose 0 = -r - 4*q, -8*r + 5*r = 4*q - 8. Suppose -r*v = -5*v + 3*i - 7, -v + 2*i - 2 = 0. Calculate the greatest common factor of v and 104.
8
Let j(f) = f**3 + 7*f**2 - 11*f - 8. Let q be j(-8). Suppose -108*g + 592 + 589 = -115. Calculate the greatest common divisor of g and q.
4
Suppose 5*v = -2*m + 13, -2*m - 4 = 2*v - 26. Suppose -2*w + 5*w = -2*f + 15, 3 = 5*w - 4*f. What is the highest common factor of w and m?
1
Let h be 49 - (-11 - (-17 - 23)). Suppose -2*c = -2*u - 18, 0 = 2*u + 3*u + 15. Let v be (-984)/(-14) + c/(-21). What is the highest common divisor of v and h?
10
Suppose -4*z + s + 8 = 0, 8*z - 4*s = 6*z + 4. Suppose -6*m + z*m = 4*w - 76, 0 = -3*w - 4*m + 57. Calculate the greatest common divisor of 171 and w.
19
Let p(i) = -i**3 + 13*i**2 - i + 48. Let m be ((1 - 0) + 2)/1 - -7. Let c be p(m). Calculate the highest common factor of 26 and c.
26
Suppose 27*w + 3737 = 14537. Calculate the highest common factor of 880 and w.
80
Let j = -2449 + 3393. Calculate the greatest common divisor of j and 16.
16
Let n be (-130)/(-35) + (-2)/(-7). Suppose -3*o + 0*o = -2*b + 48, b = n*o + 69. Let y = 10 - o. Calculate the highest common factor of y and 28.
28
Let p be -10 + ((-9)/(-6))/((-63)/(-1596)). Suppose -39 + 1271 = 4*d. Calculate the greatest common factor of d and p.
28
Let t(j) = -44*j + 1368. Let g be t(31). What is the greatest common divisor of g and 788?
4
Suppose -85*k + 22253 = -27619 + 17232. What is the greatest common factor of 1968 and k?
48
Let o = 52 - -21. Let d = o + -45. Suppose -5*k + 47 + d = 0. Calculate the greatest common divisor of k and 5.
5
Let q = -74 - -291. Suppose -8*k - q = -15*k. Calculate the greatest common factor of k and 217.
31
Let p = -11423 + 11580. What is the highest common factor of p and 8?
1
Let j be (2 + 1 + 2)*(62 + -57). Suppose 0 = -9*v + 2 + j. What is the highest common factor of 10 and v?
1
Suppose 5 - 29 = 4*h. Let a be (h - -3 - 0) + (-14)/(-2). Let b be a/14 - 1416/(-42). Calculate the highest common factor of 51 and b.
17
Let n(k) = -140 + 289 - 8*k - 138 - k**2. Let d be n(-4). What is the highest common divisor of 18 and d?
9
Let t = -264 + 472. Let k = -692 - -705. Calculate the highest common divisor of k and t.
13
Let x(z) = 10*z**2 + 117*z + 1736. Let p be x(-34). Calculate the highest common divisor of p and 6.
6
Suppose -o + 735 = -2*r, -71*r + 70*r + 2913 = 4*o. What is the greatest common factor of 1863 and o?
81
Let r be 4*8/3*273/14. Calculate the highest common divisor of 224 and r.
16
Suppose 0 = 4*q - n - 131, -n = -5*q - 4*n + 151. Let s be (-7)/(-5) - (-2 - (-72)/30). What is the highest common divisor of q and s?
1
Suppose -3*d = 27 + 24. Let q be d + 19 - (-1)/1. Suppose 0 = -24*j + 293 - 101. What is the highest common divisor of j and q?
1
Suppose 0 = -o + 4*l - 19 + 76, -5*l - 105 = -2*o. Suppose -105 = -5*u + o. Suppose 2 = 4*a - u. What is the highest common divisor of 4 and a?
4
Let q = 3782 + -3322. What is the highest common divisor of 138 and q?
46
Suppose 3*d + 3*a + 3 = -3, 5*d + 4 = -3*a. Let m be 308 + 3 - (3/(-1) - d). Calculate the greatest common divisor of 45 and m.
45
Suppose 0 = 101*b - 106*b - 25. Let m(z) = -z**3 - 2*z**2 + 2*z - 2. Let c be m(-3). Let x be (5/b)/(c/(-4)). Calculate the greatest common divisor of 12 and x.
4
Let c(v) = -2*v + 10. Let i be c(-7). Let x = 121 + -126. Let f be (((-160)/(-12))/5)/(x/(-30)). Calculate the greatest common factor of i and f.
8
Let u = 719 - 717. Suppose -u*j + 3*z + 64 = 0, -2*z + 23 = j - 9. What is the greatest common factor of 40 and j?
8
Let l be 220/4 - 0 - 1*2. Let q = 55 - l. Suppose -q*a - 4*w + 344 = 0, -5*w + 13 = 3. Calculate the greatest common divisor of a and 21.
21
Suppose 57 = 4*l + 5*z, 6*l - l + z = 45. Let p(d) = d**3 - 2*d**2 + 11*d - 11. Let v be p(3). Let x = v + l. What is the highest common factor of 195 and x?
39
Suppose 20*o - 13475 = 13034 + 55411. What is the highest common factor of o and 2304?
256
Let h be -1*(15/(-21) + 1)*(277 - 410). Calculate the greatest common factor of 22534 and h.
38
Let m(b) = -b**3 + 11*b**2 + 25*b + 19. Let f be m(13). Let l be -3 + 63 - (6 - (f - 4)). Calculate the highest common factor of 49 and l.
7
Suppose -12*q = -3238 - 902. Let t = q + -314. Calculate the highest common factor of t and 1.
1
Let i be 1 + 1 - 1 - 12/4. Let r be (-1)/(i/34